 5 + b**2 - 5*b + 4*b**2 - 2*b - b**3. Suppose i = -o + 3, 3*i + 0*i - 4*o - 16 = 0. List the prime factors of t(i).
41
What are the prime factors of 36/72 - 1402/(-4)?
3, 13
Let v = -29 - -40. Let a = -11 + v. Suppose -u - 41 = -j + 4*u, a = -4*j - 5*u + 164. What are the prime factors of j?
41
Let d = 5 + -11. Let f be 4/d + 49/(-21). What are the prime factors of (20/6)/(f/(-18))?
2, 5
Let h = -6 - -8. Let s(p) = -15*p**2 + 17*p**2 + h*p**2 + 59*p**2. List the prime factors of s(-1).
3, 7
Let l be (1/(-1))/((-1)/(-2)). List the prime factors of (-1 - l)/(2/62).
31
Let z = 10 - -1. What are the prime factors of 14/1*(z + -10)?
2, 7
Suppose -46*b = -3*p - 44*b + 2625, 0 = -2*b. What are the prime factors of p?
5, 7
Suppose -5*z + 2*i + 2406 = 0, 4*i - 6 = 6*i. List the prime factors of z.
2, 3, 5
Let v(j) = 58*j**2 + j + 1. Let l = -138 - -140. What are the prime factors of v(l)?
5, 47
Suppose -8*d + 24 = -12*d. Let z be d/30 + (-22)/(-10). Suppose 210 = -z*w + 7*w. What are the prime factors of w?
2, 3, 7
Suppose -m + 4*c - 45 = 0, 2*c + 3 = 5*c. Let t = -29 - m. List the prime factors of t.
2, 3
Suppose -u - 268 = -6*u + a, 3*u - 5*a - 152 = 0. Let j = 79 - u. What are the prime factors of j?
5
Let z(w) = 3*w**2 + 18*w + 102. List the prime factors of z(-16).
2, 3, 97
Suppose -119*x + 123*x = 12. Suppose -o = 2*o. Suppose -3*f + k = -64, o*f = f + x*k - 38. What are the prime factors of f?
23
Let o = 1342 - 349. What are the prime factors of o?
3, 331
Suppose 0 = -10*c + 5 + 15. Suppose -3*d - 4 = z - 195, -4*z + 814 = c*d. What are the prime factors of z?
2, 103
Let l(k) = k**3 - 9*k**2 + 6*k + 2613. What are the prime factors of l(0)?
3, 13, 67
Let z(v) = 5*v**3 + 6*v**2 + 13*v - 23. What are the prime factors of z(7)?
31, 67
Let v(l) = l**3 - 5*l**2 - 7*l + 2. Let d = -1 + 7. Let n be v(d). What are the prime factors of (n/(-6))/((-7)/(-273))?
2, 13
Let f = 3 - -1. Suppose 0 = f*c - 106 + 34. What are the prime factors of c?
2, 3
List the prime factors of (87/(-6))/((-38)/2204).
29
Let t(h) = -14*h**2 - 15*h + 11. Let g be t(-7). Let q = -390 - g. What are the prime factors of q?
2, 3, 5
Suppose u - 3*u = 4. Suppose 10 = -5*l + 7*l. List the prime factors of (-3 + l)*(-29)/u.
29
Let s(r) = -9*r - 4. Let o = -25 + 18. What are the prime factors of s(o)?
59
Let h = 1017 - -847. List the prime factors of h.
2, 233
List the prime factors of (44/(-9))/((-1)/(-3))*-3.
2, 11
Let k = -31 + 155. Let y = 182 - k. Let z = -14 + y. What are the prime factors of z?
2, 11
Suppose 0*f = -f - 2*b + 463, -2*b + 6 = 0. Suppose 310 = 13*o - f. List the prime factors of o.
59
Let d = 22 + -10. Let k(u) = u**3 - 13*u**2 + 12*u - 3. Let r be k(d). Let v(o) = 4*o**2 - 2*o - 4. What are the prime factors of v(r)?
2, 19
Let s = 17314 + -10946. What are the prime factors of s?
2, 199
Let l be (-3)/(-2)*(5 - 3). Let o(m) = -7*m - m + l*m - 1 + 3. What are the prime factors of o(-8)?
2, 3, 7
Suppose 3*k - 507 = -2*f, 5*f - 667 - 613 = 5*k. What are the prime factors of f?
3, 5, 17
Suppose 155 = 5*t - 2*f, 4*t + 0*t = -3*f + 147. Let u be 12633/t - 4/(-22). Suppose 3*s - 211 = -4*b, 5*s - u + 123 = -5*b. List the prime factors of b.
5, 11
Let m = -3 + 11. Suppose m*n - 3*n = 375. List the prime factors of n.
3, 5
Let o(l) = 333*l - 556. What are the prime factors of o(17)?
5, 1021
Suppose 20 = -4*g, 15 - 105 = 4*s + 2*g. Let h = 65 + s. What are the prime factors of h?
3, 5
Suppose -8760 = -11*x + x. Suppose -x - 684 = -13*t. List the prime factors of t.
2, 3, 5
Let k(b) = 3 + 7*b + b - 4 + 4. Let o be k(4). Suppose -5*i - 2*h = -187, 3*i = 4*h + o + 98. List the prime factors of i.
3, 13
Let l = -49 + 51. Suppose -4*k + 20 = 5*p - 322, 2*k + l*p = 172. What are the prime factors of k?
2, 11
What are the prime factors of 12 - (6 + -3)/(0 + 1)?
3
Let m = 1257 + -713. What are the prime factors of m?
2, 17
Let p(t) = -4 - t + 3*t - 8*t. Let u be p(-2). What are the prime factors of u/(2 + 36/(-21))?
2, 7
Suppose 3*t = -4*w + 1242, 2*t - 71 = -3*w + 860. What are the prime factors of w?
3, 103
Let j(h) = -2*h - 30. Let n be j(-16). Let a = 22 - n. Suppose t - a = -3*t. List the prime factors of t.
5
Let t be (84/112)/((-1)/(-4)). Let b(g) be the first derivative of -g**4/4 + g**3 + 2*g**2 - 1. List the prime factors of b(t).
2, 3
Suppose 9*x - 144 = 6*x. Let l = x - -123. List the prime factors of l.
3, 19
Let t(l) = l**2 + 95*l - 103. What are the prime factors of t(14)?
1423
Let f = -171 - -245. Let d = 162 - f. What are the prime factors of d?
2, 11
Suppose q - 2*l - 11 = -0*q, -5*l = 20. Suppose q*f = -2*f + 35. Let d = 11 - f. List the prime factors of d.
2
Suppose 0 = 7*y - 25 - 45. Let h = y + 161. List the prime factors of h.
3, 19
Let b(a) = 18 - 2*a + 5*a + a**2 + 0*a - 2*a. Let f be b(0). Suppose 3*q = 123 + f. List the prime factors of q.
47
Let v be ((-380)/6)/((-4)/6). Suppose 0 = -2*i + v + 151. Suppose i + 101 = 7*w. What are the prime factors of w?
2
Let w = -2 - -7. Suppose 4*z + 350 = -w*d - 344, d + 2*z = -134. Let f = -82 - d. List the prime factors of f.
2, 3, 5
Let v(o) = 2 - 5 - o + 16. Let w(l) = -l**3 + 13*l**2 + l - 4. Let b be w(13). List the prime factors of v(b).
2
Suppose 5*s + 0*d + 10 = -5*d, 4*s + 2*d = 0. List the prime factors of -1*s/(-2) + 252.
11, 23
Suppose -73*o = -205195 + 37587. List the prime factors of o.
2, 7, 41
Let y = 683 + 406. What are the prime factors of y?
3, 11
Suppose 0*n = -3*n. Let x = 18 + n. Suppose 0 = -5*w - p - p + x, 16 = 2*w + 3*p. What are the prime factors of w?
2
Suppose 0 = 5*d + 3*x - 494, 13*x - 497 = -5*d + 9*x. List the prime factors of d.
97
Let b(g) = -g + 12. Let d(j) = 3*j - 36. Let m(a) = -11*b(a) - 4*d(a). What are the prime factors of m(8)?
2
Let v = 57 - 49. Let j(b) = 3*b**2 - 3*b - 3. Let s be j(3). Suppose t - s - v = 0. List the prime factors of t.
23
Let c = -116 + 331. Suppose 5*v = 4*v + c. List the prime factors of v.
5, 43
Let j(h) = -6*h + 3. Suppose 0 = -2*i + 4*k + 68, i + 4*k + 44 = 2*i. Let x = i + -28. What are the prime factors of j(x)?
3
Let u = 13 - 16. List the prime factors of 1 + 8 + 0/u.
3
Let r(f) = 2*f**2 - 11*f - 3. Let j be r(8). Suppose m + 29 = -j. Let w = m - -124. List the prime factors of w.
2, 29
Let b be (2/(8/28))/1. Suppose -i + 4*m = 7, 0 = -0*i - i + 3*m - b. List the prime factors of 95/7 - 3/i.
2, 7
Suppose -4*r - 14 = -3*u, -6*u + u - r = -8. Suppose -u*b + 30 = -118. List the prime factors of b.
2, 37
Suppose -21 = 2*j - 3*q, 3*q - q - 10 = j. Let p = j + 12. Let k(y) = y**2 + y + 25. List the prime factors of k(p).
5
List the prime factors of 42/(-2)*3103/(-87).
7, 107
Suppose 14*i - 76701 = -6449. What are the prime factors of i?
2, 13, 193
Suppose -3*m - 105 = -8*m. Suppose 0 = -m*a + 19*a + 4. Suppose -a*n + 7 = -27. What are the prime factors of n?
17
Suppose -6*h - 32 = -10*h. Let s(l) = 41*l - 6. Let b be s(h). Suppose 5*u = -57 + b. What are the prime factors of u?
53
Let s be 0/(2*(-4)/12*3). Suppose s = 3*v - 4*v + 89. What are the prime factors of v?
89
Let y be (-72)/(-18) + 4/(-1). Suppose 2*r + 6*r - 528 = y. List the prime factors of r.
2, 3, 11
Let l(i) = -i**3 - i**2 + 4*i. Let o(h) = -21*h - 1. Let u be o(-1). Let g = u + -23. What are the prime factors of l(g)?
2, 3
Let m(y) = 2*y**2 - 18*y + 44. What are the prime factors of m(13)?
2, 37
Suppose 153 = -6*z + 3. Let d = -23 - z. Suppose -3*h + 138 = 2*u + 3*u, 3*u = d*h + 98. What are the prime factors of u?
2, 3, 5
Let b = 143 + -80. Let h = b - -62. List the prime factors of h.
5
Let o(n) = n - 9. Let w be o(0). Let v(i) = 9*i + 22. Let h be v(w). Let t = h + 97. What are the prime factors of t?
2, 19
Let y(s) = -3*s + 5*s**2 - 12 - 15*s + 9*s**2 + s**3 + 2*s. Let g be ((-5)/(-2))/((-6)/36). List the prime factors of y(g).
3
Suppose -3*h = 84 - 1107. Suppose 0 = -5*k - 3*d + h, -4*k + 428 = -5*d + 133. List the prime factors of k.
2, 5, 7
Suppose 159042 - 9386 = 52*g. What are the prime factors of g?
2, 1439
Suppose -5*b + 33 - 8 = 0. Suppose -67 = -b*z + 288. What are the prime factors of z?
71
Suppose 0 = -3*k - 0*k + 48. Let d = -1 + 35. Let s = d - k. List the prime factors of s.
2, 3
Let o(d) = d**2 - 3*d + 2. Let v be o(5). Suppose -2 + 1 = -n - 4*f, -5*n - 25 = 5*f. 